{"version":"1.0","provider_name":"Bea-Mindennapok","provider_url":"https:\/\/bea-mindennapok.cafeblog.hu","author_name":"Bea","author_url":"https:\/\/bea-mindennapok.cafeblog.hu\/author\/Bea-2-2\/","title":"Mez\u0151k","html":"<P>&nbsp;<\/P>\r\n<P class=\"MsoNormal\" align=\"center\">Mez\u0151k <BR><BR>Eleven er\u0151 lakik a mez\u0151ben, <BR>Provence-i t\u00e1jakat fesz\u00edt meg benne, <BR>sz\u00ednek \u00e9s terek, melyet k\u00e9pzelt n\u0151nek, <BR>ter\u00edt, a sz\u00ednen sehol egy ember sem. <BR><BR>A sz\u00e1nt\u00f3f\u00f6ld szel\u00edds\u00e9ge b\u00favik meg <BR>benne, \u00e9s a Nap a l\u00e1t\u00f3hat\u00e1ron, <BR>a mez\u0151kben megh\u00faz\u00f3 \u00e9l\u00e9nk sz\u00ednek, <BR>\u00faj \u00e9letet v\u00e9ve r\u00e9gi hal\u00e1lon. <BR><BR>A s\u00e1rga mez\u0151t m\u00e1r le is aratt\u00e1k, <BR>\u00e9s egy \u00f6kr\u00f6s szek\u00e9r a h\u00e1tt\u00e9rben, <BR>sz\u00e9naboglya el\u0151tt f\u00e1radt emberp\u00e1r, <BR>amely itt ny\u00fajt\u00f3zik el\u00e9gedetten.<BR><BR>\u00c9s a m\u00e1sikon a piros pipacsok, <BR>egy provence-i kert nagy vir\u00e1g\u00e1gyai, <BR>egy s\u00e1rga h\u00e1z a kert egyik sark\u00e1ban, <BR>k\u00e9pben a provence-i fest\u0151 v\u00e1gyai.<\/P>","type":"rich"}

Mezők

<P>&nbsp;</P>
<P class="MsoNormal" align="center">Mezők <BR><BR>Eleven erő lakik a mezőben, <BR>Provence-i tájakat feszít meg benne, <BR>színek és terek, melyet képzelt nőnek, <BR>terít, a színen sehol egy ember sem. <BR><BR>A szántóföld szelídsége búvik meg <BR>benne, és a Nap a látóhatáron, <BR>a mezőkben meghúzó élénk színek, <BR>új életet véve régi halálon. <BR><BR>A sárga mezőt már le is aratták, <BR>és egy ökrös szekér a háttérben, <BR>szénaboglya előtt fáradt emberpár, <BR>amely itt nyújtózik elégedetten.<BR><BR>És a másikon a piros pipacsok, <BR>egy provence-i kert nagy virágágyai, <BR>egy sárga ház a kert egyik sarkában, <BR>képben a provence-i festő vágyai.</P>
